ons digit of 6034499092?
6
What is the ten millions digit of 906018832?
0
What is the hundreds digit of 251454616?
6
What is the thousands digit of 2966909017?
9
What is the units digit of 59901132?
2
What is the ten thousands digit of 3695930337?
3
What is the millions digit of 290988594?
0
What is the ten millions digit of 1085170460?
8
What is the units digit of 2780676826?
6
What is the ten thousands digit of 229143341?
4
What is the thousands digit of 109786039?
6
What is the units digit of 467484395?
5
What is the ten thousands digit of 4491310?
9
What is the units digit of 245747405?
5
What is the units digit of 48504237?
7
What is the ten thousands digit of 242231043?
3
What is the ten thousands digit of 65882556?
8
What is the hundreds digit of 525981018?
0
What is the ten millions digit of 72765966?
7
What is the hundreds digit of 4630433240?
2
What is the thousands digit of 127509270?
9
What is the tens digit of 56833294?
9
What is the thousands digit of 799379696?
9
What is the units digit of 513994041?
1
What is the hundred thousands digit of 48156637?
1
What is the ten millions digit of 2066218419?
6
What is the hundred thousands digit of 6377617066?
6
What is the thousands digit of 6975058998?
8
What is the ten millions digit of 1182233508?
8
What is the ten thousands digit of 364397505?
9
What is the millions digit of 500821393?
0
What is the billions digit of 2193707960?
2
What is the ten millions digit of 209291757?
0
What is the millions digit of 47372007?
7
What is the hundred thousands digit of 561812004?
8
What is the thousands digit of 7489139257?
9
What is the hundred millions digit of 3082441299?
0
What is the hundred thousands digit of 573822288?
8
What is the millions digit of 6101704060?
1
What is the units digit of 112066784?
4
What is the units digit of 300066596?
6
What is the tens digit of 3093263250?
5
What is the units digit of 79840599?
9
What is the hundred thousands digit of 43767414?
7
What is the hundred thousands digit of 2386884804?
8
What is the thousands digit of 613564213?
4
What is the tens digit of 461068574?
7
What is the hundred thousands digit of 30206362?
2
What is the ten thousands digit of 8848019?
4
What is the billions digit of 1606843925?
1
What is the ten thousands digit of 1676477736?
7
What is the units digit of 23183665?
5
What is the tens digit of 1406331412?
1
What is the hundred thousands digit of 425757613?
7
What is the thousands digit of 186262852?
2
What is the thousands digit of 76529702?
9
What is the units digit of 32642542?
2
What is the millions digit of 170343755?
0
What is the tens digit of 197160173?
7
What is the hundred millions digit of 228023144?
2
What is the millions digit of 1617224625?
7
What is the ten millions digit of 34923827?
3
What is the hundred millions digit of 239930534?
2
What is the hundred millions digit of 957911366?
9
What is the hundreds digit of 690770618?
6
What is the hundred millions digit of 361957786?
3
What is the millions digit of 10097350?
0
What is the units digit of 2056591151?
1
What is the millions digit of 6972877787?
2
What is the units digit of 157182521?
1
What is the thousands digit of 516379664?
9
What is the hundred thousands digit of 868223928?
2
What is the units digit of 73501390?
0
What is the millions digit of 389767779?
9
What is the hundred millions digit of 429314680?
4
What is the units digit of 106811025?
5
What is the hundreds digit of 4797619254?
2
What is the thousands digit of 591706238?
6
What is the hundreds digit of 33138110?
1
What is the ten millions digit of 2229797022?
2
What is the ten thousands digit of 13612299?
1
What is the hundred thousands digit of 14432074?
4
What is the ten millions digit of 1344535545?
4
What is the hundred millions digit of 553611866?
5
What is the thousands digit of 419402431?
2
What is the units digit of 50779961?
1
What is the hundreds digit of 63091641?
6
What is the ten thousands digit of 39427117?
2
What is the tens digit of 86201711?
1
What is the ten millions digit of 795609150?
9
What is the units digit of 83226048?
8
What is the hundred thousands digit of 1202432995?
4
What is the ten thousands digit of 2322350174?
5
What is the units digit of 2304445743?
3
What is the hundreds digit of 47574715?
7
What is the ten thousands digit of 26603488?
0
What is the tens digit of 54415154?
5
What is the hundred thousands digit of 5582623690?
6
What is the tens digit of 72463555?
5
What is the hundred thousands digit of 1171389283?
3
What is the hundred millions digit of 118763465?
1
What is the hundred thousands digit of 79997694?
9
What is the tens digit of 342560883?
8
What is the ten millions digit of 5762636789?
6
What is the tens digit of 172306092?
9
What is the units digit of 16218100?
0
What is the ten thousands digit of 390105144?
0
What is the thousands digit of 541794420?
4
What is the thousands digit of 1721607993?
7
What is the hundreds digit of 1764834290?
2
What is the hundred thousands digit of 81559808?
5
What is the hundred thousands digit of 100818228?
8
What is the thousands digit of 56161945?
1
What is the tens digit of 3194073755?
5
What is the units digit of 59780261?
1
What is the ten millions digit of 151651733?
5
What is the units digit of 12534728?
8
What is the thousands digit of 173984959?
4
What is the hundred thousands digit of 767633935?
6
What is the billions digit of 1444715478?
1
What is the hundred millions digit of 219350117?
2
What is the tens digit of 3208325111?
1
What is the hundreds digit of 250729826?
8
What is the ten millions digit of 58020515?
5
What is the hundred thousands digit of 153136594?
1
What is the units digit of 75550723?
3
What is the hundreds digit of 58459670?
6
What is the hundreds digit of 7266356?
3
What is the hundreds digit of 183960035?
0
What is the thousands digit of 12812307?
2
What is the tens digit of 217739497?
9
What is the tens digit of 23484069?
6
What is the ten thousands digit of 241353242?
5
What is the hundred millions digit of 261646429?
2
What is the millions digit of 534576507?
4
What is the billions digit of 3185677016?
3
What is the thousands digit of 161885308?
5
What is the hundreds digit of 2562415085?
0
What is the tens digit of 114345152?
5
What is the millions digit of 50860198?
0
What is the ten thousands digit of 76249177?
4
What is the ten thousands digit of 174485548?
8
What is the ten millions digit of 973809088?
7
What is the units digit of 1340486744?
4
What is the millions digit of 2216287387?
6
What is the tens digit of 5230878?
7
What is the hundred millions digit of 317851915?
3
What is the hundreds digit of 274553752?
7
What is the hundred millions digit of 2618386838?
6
What is the thousands digit of 1888115518?
5
What is the ten millions digit of 2977723784?
7
What is the hundreds digit of 30786584?
5
What is the millions digit of 602598858?
2
What is the millions digit of 15311057?
5
What is the ten millions digit of 133342243?
3
What is the millions digit of 84709241?
4
What is the ten millions digit of 783418667?
8
What is the millions digit of 851714458?
1
What is the hundreds digit of 200668532?
5
What is the ten millions digit of 88710300?
8
What is the millions digit of 8117907?
8
What is the ten thousands digit of 9601220?
0
What is the tens digit of 4698321868?
6
What is the thousands digit of 32145728?
5
What is the hundreds digit of 9223435?
4
What is the units digit of 78491152?
2
What is the tens digit of 46893628?
2
What is the ten thousands digit of 1109391742?
9
What is the units digit of 711683325?
5
What is the millions digit of 1970163313?
0
What is the thousands digit of 2944949381?
9
What is the units digit of 88430495?
5
What is the tens digit of 654687240?
4
What is the ten thousands digit of 1079622599?
2
What is the thousands digit of 328850515?
0
What is the units digit of 49622280?
0
What is the hundreds digit of 1546552182?
1
What is the thousands digit of 10439383?
9
What is the hundred millions digit of 466057230?
4
What is the thousands digit of 1069594995?
4
What is the units digit of 67074263?
3
What is the hundred thousands digit of 199037244?
0
What is the thousands digit of 737259989?
9
What is the units digit of 269263120?
0
What is the